79. What is x(11)?
-13
Let m(y) = y - 63. Give m(7).
-56
Let r(t) = t**2 - 20*t + 16. Determine r(19).
-3
Let o(r) = r**3 + 12*r**2 - 12*r + 7. Calculate o(-13).
-6
Let b(s) = -4*s + 2. Calculate b(0).
2
Let f(q) = -3*q**2 + 1. Calculate f(-2).
-11
Let z(m) = -153*m - 463. Give z(-3).
-4
Let a(u) = -u**2 - u + 7. What is a(-4)?
-5
Let k(m) = m**2 + 3*m + 1. Calculate k(-1).
-1
Let u(n) = -9*n - 22. What is u(-6)?
32
Let i(j) = -j**2 - 7*j + 1. Determine i(-5).
11
Let y(z) = z**2 - 7*z - 1. Give y(7).
-1
Let h(j) = -j**2 - 14*j + 14. Give h(-15).
-1
Let o(m) = -2*m - 5. What is o(6)?
-17
Let w(m) = -19*m - 219. Give w(-12).
9
Let c(z) = -z**3 + 5*z**2 + 6*z - 7. Calculate c(6).
-7
Let h(n) = n**3 + 4*n**2 - 6*n - 2. Determine h(-5).
3
Let b(p) = -p**2 - 11*p + 16. Determine b(-11).
16
Let i(t) = t**2 - 9*t + 20. Calculate i(7).
6
Let w(i) = i**3 - 30*i**2 - 2*i + 43. Determine w(30).
-17
Let r(y) = -y**3 + 16*y**2 - 15*y + 14. Calculate r(15).
14
Let g(y) = 4*y + 6. What is g(-6)?
-18
Let o(x) = -x**3 + 6*x**2 - x - 10. Determine o(6).
-16
Let j(z) = 29*z + 92. What is j(-3)?
5
Let v(x) = x + 15. Calculate v(-6).
9
Let j(g) = -3*g + 129. Determine j(39).
12
Let c(n) = 3*n - 10. Give c(-9).
-37
Let y(q) = -q**2 - 8*q + 82. What is y(-13)?
17
Let o(p) = p**2 + 7*p - 35. Calculate o(-9).
-17
Let o(w) = -w**2 + 10*w - 6. What is o(8)?
10
Let d(o) = -o + 3. Calculate d(-1).
4
Let l(q) = -q**3 - 5*q**2 + 11*q - 8. What is l(-6)?
-38
Let w(s) = -4*s**2 - 25*s - 37. Give w(-2).
-3
Let u(q) = q**3 + 2*q**2 - 3*q. Calculate u(-3).
0
Let s(g) = -2*g**3 + 3*g**2 - g - 1. Give s(2).
-7
Let t(g) = 20*g + 3. Determine t(2).
43
Let t(d) = -d**3 - 7*d**2 - 5*d - 6. Give t(-6).
-12
Let n(b) = b**2 - 8*b + 13. Determine n(6).
1
Let v(t) = -2*t**2 + 6*t - 7. Calculate v(3).
-7
Let j(f) = -2*f**3 + 19*f**2 + 6*f + 47. Give j(10).
7
Let c(y) = 9*y + 18. What is c(-2)?
0
Let u(g) = -g**2 + 7*g - 15. Determine u(7).
-15
Let c(r) = 8*r + 7. Calculate c(-2).
-9
Let m(c) = c**2 + 9*c - 24. Determine m(-11).
-2
Let n(a) = -a**2 - 14*a + 10. Give n(-11).
43
Let w(b) = b**3 + 7*b**2 - 4*b + 28. Give w(-8).
-4
Let q(v) = v**2 + 3*v - 51. Give q(-9).
3
Let g(y) = -y - 18. Determine g(-9).
-9
Let k(r) = r**2 - r. Give k(3).
6
Let p(q) = -q**3 + 7*q**2 - 5*q - 12. What is p(6)?
-6
Let z(w) = -w**3 - 2*w**2 - 3*w - 2. What is z(-1)?
0
Let u(b) = 6*b**3 + b**2 + 1. Give u(-2).
-43
Let l(q) = -q**2 + 11. Calculate l(-5).
-14
Let h(n) = -26*n - 11. Give h(-2).
41
Let g(t) = -t**2 - 17*t + 1. Give g(-13).
53
Let r(v) = -v**2 - 6*v + 3. Determine r(-5).
8
Let v(p) = 7*p - 260. Calculate v(41).
27
Let w(t) = 17*t**2 + 2*t - 6. Give w(-3).
141
Let l(k) = k**2 - 5*k + 59. Determine l(5).
59
Let v(o) = 9*o - 157. Give v(17).
-4
Let v(o) = -2*o**3 - 7*o**2 - 7*o + 4. Determine v(-2).
6
Let h(t) = t**3 - 3*t**2 - 7*t - 17. What is h(5)?
-2
Let s(a) = -a**2 + 3*a + 13. Determine s(-4).
-15
Let i(x) = 4*x + 10. Calculate i(8).
42
Let n(q) = -q**3 - 4*q**2 - 6*q + 1. Give n(-3).
10
Let v(j) = 2*j**2 - 128*j - 257. Give v(66).
7
Let f(s) = -8*s + 256. What is f(34)?
-16
Let s(w) = w + 5. Give s(13).
18
Let b(w) = -13*w - 7. Determine b(-3).
32
Let k(n) = -10*n - 1. Determine k(3).
-31
Let n(p) = -4*p + 3. Determine n(-6).
27
Let j(i) = -9*i**2 - i + 2. Calculate j(1).
-8
Let l(o) = -o**3 - 13*o**2 + 14*o + 7. Determine l(-14).
7
Let w(p) = -p**3 - 9*p**2 + 10*p - 7. Give w(-10).
-7
Let k(x) = -x**2 + 32*x + 267. Give k(-7).
-6
Let d(x) = 4*x**2 - 2. Determine d(5).
98
Let s(h) = -h**2 + 13*h + 18. What is s(14)?
4
Let q(y) = y**3 - 6*y**2 - 14*y - 11. Calculate q(8).
5
Let n(w) = -22*w + 5. What is n(0)?
5
Let h(c) = -c + 9. Give h(10).
-1
Let c(a) = 2*a - 9. Give c(18).
27
Let t(m) = -m**2 - 24*m - 68. What is t(-22)?
-24
Let r(a) = a**3 + 8*a**2 + 6*a - 13. Give r(-7).
-6
Let f(q) = 3*q + 45. Calculate f(-16).
-3
Let l(u) = u**2 - u - 2. Give l(-3).
10
Let y(q) = -2*q**3 - 12*q**2 + 8. What is y(-6)?
8
Let o(f) = -2*f - 41. Give o(0).
-41
Let k(c) = c**2 - 2*c - 19. What is k(5)?
-4
Let j(y) = y**2 - 4*y - 6. Determine j(8).
26
Let g(v) = v**3 - 24*v**2 - 27*v + 45. Give g(25).
-5
Let c(x) = x**2 + 9*x + 11. Calculate c(-8).
3
Let p(t) = 2*t**2 + 2*t - 3. What is p(2)?
9
Let b(o) = o**2 - 13*o - 13. Calculate b(13).
-13
Let s(q) = -2*q**3 + 30*q**2 - 2*q + 32. Calculate s(15).
2
Let t(w) = w**2 + 14*w - 22. Calculate t(-7).
-71
Let x(s) = -8*s + 5. What is x(2)?
-11
Let q(t) = -t**3 + 24*t**2 - 48*t + 16. Calculate q(22).
-72
Let a(f) = 14*f**2 + f + 2. Determine a(-2).
56
Let o(g) = -g**2 + g - 17. What is o(0)?
-17
Let a(z) = 3*z**3 + 6*z**2 + 4*z + 4. Determine a(-2).
-4
Let f(w) = -w**2 + w + 38. Calculate f(0).
38
Let l(f) = 18*f + 3. Determine l(-5).
-87
Let i(b) = 12*b - 41. Determine i(5).
19
Let o(g) = -g**3 + 21*g**2 + 11*g + 236. Determine o(22).
-6
Let y(l) = 14*l**2 - 7*l + 6. Calculate y(2).
48
Let b(n) = 6*n**2 + 37*n + 4. Determine b(-6).
-2
Let d(k) = k**3 - 16*k**2 + 25*k + 19. Give d(14).
-23
Let m(t) = -2*t + 29. What is m(9)?
11
Let i(w) = -11*w**2 - 3*w + 1. Determine i(1).
-13
Let y(i) = i**3 + 5*i**2 + i + 2. Determine y(-4).
14
Let o(f) = -2*f + 11. What is o(8)?
-5
Let n(v) = 8*v**3 - 3*v**2 + 3*v + 6. Determine n(-1).
-8
Let y(b) = -3*b + 35. Give y(12).
-1
Let t(m) = -m**3 - 7*m**2 + 8*m + 12. Determine t(-6).
-72
Let j(p) = 5*p**3 - p - 18. What is j(0)?
-18
Let k(r) = -r**2 + 25*r + 446. Calculate k(37).
2
Let c(l) = 11*l**2 + 7*l + 12. Determine c(-3).
90
Let r(b) = -b**3 - 12*b**2 + 3*b + 29. What is r(-12)?
-7
Let u(t) = -t**3 + 11*t**2 - 28*t + 184. Calculate u(10).
4
Let k(l) = -l**3 - 8*l**2 - 10*l - 1. Calculate k(-7).
20
Let r(s) = -16*s - 62. Determine r(-7).
50
Let z(w) = 7*w**2 + 8*w - 9. Calculate z(2).
35
Let s(c) = -3*c**3 - 2*c**2 + 5*c - 4. Determine s(-3).
44
Let d(c) = -7*c**2 - 42*c - 43. Give d(-1).
-8
Let d(r) = -18*r**2. Give d(-1).
-18
Let w(y) = 3*y + 33. What is w(-13)?
-6
Let h(d) = -7*d**2 - 102*d + 43. Determine h(-15).
-2
Let g(y) = -6*y - 54. What is g(-9)?
0
Let b(m) = -m**3 - 6*m**2 + 2*m + 8. What is b(-6)?
-4
Let s(q) = 4*q + 6. What is s(-10)?
-34
Let a(t) = -t**2 - 11*t - 2. Determine a(-11).
-2
Let i(t) = -t**2 + 11*t + 9. Calculate i(10).
19
Let f(z) = -z + 7. Give f(0).
7
Let f(y) = y**3 - 10*y**2 + 45*y + 6. Give f(6).
132
Let k(g) = 4*g + 16. Calculate k(-8).
-16
Let t(m) = -m + 8. Calculate t(15).
-7
Let z(a) = -3*a + 13. What is z(7)?
-8
Let i(v) = -v + 10. Determine i(0).
10
Let h(c) = -3*c + 2. Give h(-2).
8
Let u(b) = 2*b - 15. Calculate u(0).
-15
Let y(d) = -19*d**2 + 18*d + 4. What is y(3)?
-113
Let r(b) = -41*b**2 - b - 2. Give r(-1).
-42
Let l(h) = h**2 - 15*h - 7. Calculate l(17).
27
Let y(w) = 12*w**2 + 6*w - 2. Give y(-3).
88
Let g(h) = -32*h - 63. Give g(-2).
1
Let i(h) = h**2 + 5*h - 15. What is i(-8)?
9
Let g(v) = 2*v - 1. What is g(5)?
9
Let p(m) = 2*m**2 - 139*m - 366. What is p(72)?
-6
Let d(x) = -4*x - 15. Give d(-11).
29
Let a(x) = -x**3 - 5*x**2 - 7*x - 9. Give a(-4).
3
Let r(k) = 4*k**2 - 42*k + 3. Calculate r(9).
-51
Let s(a) = 39*a - 1. Determine s(1).
38
Let z(a) = -3*a + 2. Determine z(-2).
8
Let i(n) = 9*n**2 - 6*n - 6. Calculate i(2).
18
Let j(f) = 2*f + 21. What is j(-13)?
-5
Let r(d) = -2*d - 58. What is r(-31)?
4
Let g(t) = -8*t - 8. Determine g(-6).
40
Let z(l) = -l**3 - 26*l**2 + 28*l + 19. Calculate z(-27).
-8
Let p(u) = -2*u**2 + 13*u - 14. What is p(3)?
7
Let k(j) = j**3 - 11*j**2 + 10*j - 5. What is k(10)?
-5
Let x(z) = -6*z - 26. What is x(-7)?
16
Let q(x) = -x**2 + 7*x + 15. Give q(8).
7
Let j(k) = k**3 + 21*k**2 + 36*k + 335. Give j(-20).
15
Let p(u) = 11*u - 6. Determine p(0).
-6
Let v(q) = 45*q + 1. Give v(2).
91
Let a(l) = l**2 + 55*l + 676. What is a(-36)?
-8
Let j(w) = -w**2 - 14*w - 12. Calculate j(-14).
-12
Let f(l) = l**3 + 13*l**2 + 12*l + 8. Calculate f(-12).
8
Let c(f) = f**3 - 3*f**2 - 14*f + 12. Calculate c(5).
-8
Let b(y) = -2*y**2 + 6*y - 1. Give b(3).
-1
Let d(n) = n - 5. Calculate d(-12).
-17
Let o(b) = -b + 11. Calculate o(1).
10
Let h(l) = 90*l - 95. Give h(1).
-5
Let u(r) = 7*r + 111. Give u(-16).
-1
Let u(w) = w**2 - 10*w + 5. Determine u(9).
-4
Let m(i) = -2*i + 11. Determine m(6).
-1
Let x(v) = 2*v + 31. What is x(0)?
31
Let i(f) = -2*f + 3. Determine i(5